2*y + 6. Let a(p) = -5*g(p) - 4*w(p). Let t be a(7). What is the highest common divisor of t and 36?
12
Suppose 5*h = l - 70 - 38, 3*h + 9 = 0. Calculate the highest common divisor of l and 31.
31
Let l(c) = c - 3. Let j be 1/(1 - 36/33). Let b be (-12)/16*(j - 1). Let m be l(b). What is the highest common divisor of m and 2?
2
Let u be (-60)/8*168/15. Let h = -60 - u. Calculate the greatest common factor of h and 36.
12
Let i = 85 - 55. What is the greatest common divisor of i and 6?
6
Let c be (-912)/(-7) + (-8)/28. What is the highest common factor of c and 13?
13
Suppose 0 - 5 = -r. Suppose 6 = -v + r. Let i be 16*(v - (-9)/6). What is the highest common divisor of i and 8?
8
Suppose -4*j + 6*f = 4*f - 14, 0 = 3*j + 5*f - 4. Let o be (2/j)/(1/30). Suppose 9*y - 4*y = o. What is the greatest common divisor of 44 and y?
4
Let z(f) = f**3 - 5*f**2 + 6*f - 6. Let c be z(5). Let a be -36*-3*(-15)/(-27). What is the greatest common factor of c and a?
12
Let f be 5/(35/(-10) + 4). What is the highest common factor of 100 and f?
10
Let w = -19 - -140. Let z(v) = v**2 + 2*v - 11. Let c be z(-8). Suppose 0 = 4*d - 7 - c. Calculate the greatest common factor of w and d.
11
Suppose 2*d - 30 + 4 = 0. Let b be (1/(-1) - 1) + 4. Let l be (-1 - 1) + 134/b. What is the highest common divisor of l and d?
13
Suppose f - 9 = 7. Calculate the greatest common factor of f and 8.
8
Suppose 6*x = 133 + 461. Calculate the greatest common divisor of x and 9.
9
Let d(l) = -l**2 + 8*l - 9. Let n be d(6). Suppose 5*h + 0*h - 101 = -n*w, 3*w = 5*h - 119. Calculate the greatest common divisor of h and 11.
11
Suppose -20 = -4*n - 2*g - 0*g, -3*n + 13 = g. Let s = -13 + 14. What is the greatest common divisor of s and n?
1
Let l(q) = -q**3 - 4*q**2 - q + 5. Let f be l(-4). What is the greatest common divisor of f and 99?
9
Suppose -5*m = 3*k - 7, 3*m - 3 = 2*m + k. Let d be 0 - (-7)/(7/m). Calculate the greatest common factor of d and 2.
2
Suppose a - 7 = -4, 0 = -4*t + 4*a + 4. Let v be (-1 + 3)*(3 + -2). Suppose -v*u + 3 + 9 = 0. Calculate the highest common factor of t and u.
2
Let v be 0*(0 + -1) - -39. What is the greatest common divisor of v and 3?
3
Let n be (-5)/2*(-140)/25. Suppose 4 = -3*u + 22. Suppose 6 = c - 3*i, 3*c = -2*i - u + 79. What is the highest common divisor of c and n?
7
Let k = 91 + -28. Let c be 65/(-9) + 14/k. Let d(n) = -n**3 - 7*n**2 - 2*n + 4. Let q be d(c). What is the highest common divisor of q and 36?
18
Let a(i) = -i**2 - 7*i - 6. Let h be a(-5). Suppose 3*j - 2*j = h. Suppose d + j*d - 90 = 0. Calculate the greatest common factor of 2 and d.
2
Let v be (-36)/(1/2 + -2). Let u be 4/6 + (-4)/6. Suppose 5*g - 34 = -2*j, -g - 4*j - 4 + u = 0. Calculate the greatest common factor of v and g.
8
Let g(o) = -o**3 + 14*o**2 + 17*o - 8. Let r be g(14). What is the highest common divisor of r and 10?
10
Let q(f) = 43*f**2 - 2*f - 1. Let j be q(-1). What is the greatest common divisor of 11 and j?
11
Let i = -12 - -16. Suppose i = -2*o, -52 = -4*x + 4*o + 4. Calculate the highest common divisor of 132 and x.
12
Let m = 160 - 143. What is the greatest common factor of 187 and m?
17
Let y(t) = -2*t. Let l be y(-1). Suppose 0 = -l*h - 3*h + 100. Let z be (-6)/(-9) + 836/6. Calculate the greatest common divisor of z and h.
20
Suppose 3*q - 41 = 5*s, -5*q + s + 39 = -0*s. Calculate the highest common divisor of q and 35.
7
Suppose -10 = -f - 8. Suppose 0 = 3*m - f*t - 56, 2*m = 6*m - t - 83. Calculate the highest common divisor of m and 11.
11
Let w(l) = l + 35. Let b be w(0). Let j be 32/(-14) + (-2)/(-7). Let n(m) = -6*m + 2. Let q be n(j). What is the highest common divisor of b and q?
7
Suppose -50*g = -49*g - 84. Suppose 3*r = r + 24. What is the greatest common factor of r and g?
12
Let h(y) = 8*y**3 - 3*y**2 - y + 3. Let r be ((-6)/8)/((-4)/16). Let v be h(r). What is the highest common factor of 27 and v?
27
Let c(b) = 2*b - 1. Let k be c(3). Let n(v) = -v**3 + 4*v**2 + 6*v - 3. Let h be n(k). Calculate the greatest common factor of h and 6.
2
Let x be -14*(-1 - 1)/4. What is the highest common divisor of 14 and x?
7
Let j(v) = 2*v**2 + v - 7. Let r be j(-3). Calculate the greatest common divisor of r and 56.
8
Let p = 7 - 5. Suppose -5*x + 7 = -3. Suppose -z - p = -x*z. Calculate the greatest common divisor of 4 and z.
2
Let b be (-4)/2 - (-19 + -1). Suppose -5*d - 5*k + 4*k = -7, 0 = 4*k + 12. What is the greatest common divisor of d and b?
2
Suppose 2*m + 4*g - 224 = 0, g - 41 - 177 = -2*m. Suppose -48 = 5*z - 9*z. What is the greatest common divisor of z and m?
12
Let b = -1 + -1. Let i be 3 + (b - (-2 + 0)). Let v be i*10*(-12)/(-10). What is the highest common divisor of 90 and v?
18
Suppose 12*o - 250 = 7*o. What is the highest common factor of 550 and o?
50
Suppose -34 = -i - 10. What is the greatest common factor of i and 6?
6
Let l(n) = 2*n. Let m be l(1). Suppose -3*o = 3*d - 141, -3*o + m*o - 5*d = -43. What is the highest common factor of o and 6?
6
Let b(u) = -u**3 + 23*u**2 - 44*u + 45. Let l be b(21). What is the greatest common divisor of l and 12?
3
Let m be (-268 + 2)/((-4)/8). Let w = -376 + m. Calculate the highest common divisor of 26 and w.
26
Let j = -4 - -7. Let w be (3 - (-60)/j)*1. What is the greatest common factor of 115 and w?
23
Let c(o) = 2*o**2 + 6*o + 6. Let d be c(-5). Suppose -4*g = -226 + d. Calculate the highest common factor of g and 10.
10
Let n(m) = m**3 + 5*m**2 - m - 5. Let d be n(-4). Suppose 0 = 4*l - d - 1. Calculate the greatest common factor of 16 and l.
4
Let i be (21/63)/(1/6). What is the highest common factor of 14 and i?
2
Let l(x) = -x**3 - 4*x**2 - 6*x + 6. Let u be l(-6). Let y = u + -78. Let p be (-2 - -3) + 0 + 89. Calculate the highest common divisor of p and y.
18
Let w be 6/(-9)*-7*3. Suppose -k + 2*k = w. Let i(b) = 10*b**2 - b. Let l be i(-2). Calculate the greatest common divisor of l and k.
14
Suppose 0 = 2*c - 3*c - 5*m + 12, -4*c + 2*m = -48. Let o(h) = 2*h + 9. Let d be o(c). What is the greatest common divisor of d and 11?
11
Let z(v) = -12*v**3 + 3*v**2 - 3*v + 3. Let k be z(2). Let f = k + 213. What is the highest common divisor of f and 14?
14
Let z(w) = w**2 - 10*w - 11. Let x be z(12). Calculate the greatest common divisor of 91 and x.
13
Let s(x) = -x**3 + 2*x**2 + 5*x - 4. Let w be s(3). Let k = -10 + 5. Let h = -4 - k. What is the greatest common divisor of h and w?
1
Let f = 15 - -30. Let i(t) = -9*t - 3. Let p be i(-2). Calculate the highest common divisor of p and f.
15
Let k = 59 - -97. What is the greatest common factor of 12 and k?
12
Let s(i) = i - 5. Let z be s(6). Let d be (3/4)/((-1)/8). Let p = -5 - d. What is the greatest common divisor of z and p?
1
Suppose j - v - 22 = v, -3*v = 0. Calculate the greatest common divisor of j and 22.
22
Suppose -62 = -4*p - 14. Suppose 4*w - 18 = j, -2*w = 4*j - p - 6. Suppose 10*o - w*o - 195 = 0. What is the greatest common divisor of 26 and o?
13
Let n(s) = 2*s**3 - 8*s**2 - 5*s + 5. Let i be n(7). What is the greatest common divisor of 24 and i?
24
Let k be (44/(-6))/((-2)/39). What is the greatest common factor of k and 13?
13
Let z be (-1)/1 + 2 + 3. Suppose 11 + 1 = z*f. Suppose -f = r - 8. Calculate the greatest common divisor of r and 20.
5
Suppose 4 = -4*x, x = -0*b + 2*b - 1. Let w be -10*(b - -1)/(-1). What is the greatest common factor of w and 110?
10
Let g = 69 + 3. Let s be (g/4)/(3/2). Calculate the greatest common divisor of 8 and s.
4
Let u = 28 + -20. Suppose h = 5*a + 33, -h - 3*a + 2 + 55 = 0. What is the greatest common divisor of u and h?
8
Let x be (20/(-3))/((-48)/504). What is the greatest common factor of x and 175?
35
Let v be 1511/7 - 3*(-2)/42. Let o = -21 + 45. What is the greatest common divisor of o and v?
24
Suppose 0 = -6*i + 3*i + 66. Calculate the greatest common factor of 11 and i.
11
Let w = 13 + -10. Let l be ((-2)/3 + 0)*12. Let q = -5 - l. Calculate the highest common divisor of w and q.
3
Let a(t) = -t**2 + 5*t + 15. Let l be a(0). Let q(c) = -c - 1. Let p be q(1). Let k be 2/p + 1 + 75. What is the highest common divisor of k and l?
15
Let d = 22 + -9. What is the greatest common factor of d and 117?
13
Let r be (-2)/6 + (-448)/(-12) + 3. Suppose 0 = -d + 8. What is the greate